{"id":1427,"date":"2024-04-09T19:36:47","date_gmt":"2024-04-09T19:36:47","guid":{"rendered":"https:\/\/www.conahec.org\/?page_id=1427"},"modified":"2024-08-26T23:43:11","modified_gmt":"2024-08-26T23:43:11","slug":"sponsorship_es-2","status":"publish","type":"page","link":"https:\/\/www.conahec.org\/index.php\/es\/sponsorship_es-2\/","title":{"rendered":"Patrocinios"},"content":{"rendered":"\t\t<div data-elementor-type=\"wp-page\" data-elementor-id=\"1427\" class=\"elementor elementor-1427\" data-elementor-post-type=\"page\">\n\t\t\t\t<div class=\"elementor-element elementor-element-56847be9 e-flex e-con-boxed e-con e-parent\" data-id=\"56847be9\" data-element_type=\"container\">\n\t\t\t\t\t<div class=\"e-con-inner\">\n\t\t\t\t<div class=\"elementor-element elementor-element-6f0b65df elementor-widget elementor-widget-text-editor\" data-id=\"6f0b65df\" data-element_type=\"widget\" data-widget_type=\"text-editor.default\">\n\t\t\t\t<div class=\"elementor-widget-container\">\n\t\t\t<style>\/*! elementor - v3.23.0 - 05-08-2024 *\/\n.elementor-widget-text-editor.elementor-drop-cap-view-stacked .elementor-drop-cap{background-color:#69727d;color:#fff}.elementor-widget-text-editor.elementor-drop-cap-view-framed .elementor-drop-cap{color:#69727d;border:3px solid;background-color:transparent}.elementor-widget-text-editor:not(.elementor-drop-cap-view-default) .elementor-drop-cap{margin-top:8px}.elementor-widget-text-editor:not(.elementor-drop-cap-view-default) .elementor-drop-cap-letter{width:1em;height:1em}.elementor-widget-text-editor .elementor-drop-cap{float:left;text-align:center;line-height:1;font-size:50px}.elementor-widget-text-editor .elementor-drop-cap-letter{display:inline-block}<\/style>\t\t\t\t<p>\u00a1Apoya la conferencia del CONAHEC como patrocinador!<\/p><p>Ay\u00fadenos a reunir a expertos en participaci\u00f3n internacional de toda Am\u00e9rica del Norte y de todo el mundo para establecer contactos, compartir y aprender. Los patrocinadores que opten por hacerlo podr\u00e1n organizar eventos y actividades durante los horarios de &#8220;Networking&#8221;. Si recibimos la informaci\u00f3n a tiempo, sus actividades se detallar\u00e1n en el programa de la conferencia. Esta es una gran oportunidad para compartir las prioridades e iniciativas de su instituci\u00f3n u organizaci\u00f3n, comunicar su valor a clientes potenciales y concretar planes de colaboraci\u00f3n. Nuestros patrocinadores realmente contribuyen en gran medida a hacer posibles estos eventos. \u00a1Apreciamos mucho tu ayuda!<\/p>\t\t\t\t\t\t<\/div>\n\t\t\t\t<\/div>\n\t\t<div class=\"elementor-element elementor-element-c9ce8e5 e-flex e-con-boxed e-con e-child\" data-id=\"c9ce8e5\" data-element_type=\"container\">\n\t\t\t\t\t<div class=\"e-con-inner\">\n\t\t\t\t<div class=\"elementor-element elementor-element-0c9bcf3 elementor-widget elementor-widget-image\" data-id=\"0c9bcf3\" data-element_type=\"widget\" data-widget_type=\"image.default\">\n\t\t\t\t<div class=\"elementor-widget-container\">\n\t\t\t<style>\/*! elementor - v3.23.0 - 05-08-2024 *\/\n.elementor-widget-image{text-align:center}.elementor-widget-image a{display:inline-block}.elementor-widget-image a img[src$=\".svg\"]{width:48px}.elementor-widget-image img{vertical-align:middle;display:inline-block}<\/style>\t\t\t\t\t\t\t\t\t\t<img decoding=\"async\" width=\"165\" height=\"142\" src=\"https:\/\/www.conahec.org\/wp-content\/uploads\/2024\/05\/cropped-CONAHEC165x165.png\" class=\"attachment-medium_large size-medium_large wp-image-48\" alt=\"Consortium for North American Higher Education Collaboration Logo - All Rights Reserved\" \/>\t\t\t\t\t\t\t\t\t\t\t\t\t<\/div>\n\t\t\t\t<\/div>\n\t\t\t\t\t<\/div>\n\t\t\t\t<\/div>\n\t\t\t\t\t<\/div>\n\t\t\t\t<\/div>\n\t\t<div class=\"elementor-element elementor-element-d4e23c6 e-flex e-con-boxed e-con e-parent\" data-id=\"d4e23c6\" data-element_type=\"container\">\n\t\t\t\t\t<div class=\"e-con-inner\">\n\t\t\t\t<div class=\"elementor-element elementor-element-81e0726 elementor-widget elementor-widget-text-editor\" data-id=\"81e0726\" data-element_type=\"widget\" data-widget_type=\"text-editor.default\">\n\t\t\t\t<div class=\"elementor-widget-container\">\n\t\t\t\t\t\t\t<p>Para obtener informaci\u00f3n sobre las oportunidades de patrocinio, por favor env\u00ede un correo electr\u00f3nico a:<\/p><center><a href=\"mailto:events@conahec.org?cc=conahec@gmail.com &amp;subject=Inquiry%20from%20Conference%20Sponsorship%20Page\">events@conahec.org<\/a> con copia a <a href=\"mailto:events@conahec.org?cc=conahec@gmail.com &amp;subject=Inquiry%20from%20Conference%20Sponsorship%20Page\">conahec@gmail.com<\/a><\/center>\t\t\t\t\t\t<\/div>\n\t\t\t\t<\/div>\n\t\t\t\t\t<\/div>\n\t\t\t\t<\/div>\n\t\t\t\t<\/div>\n\t\t","protected":false},"excerpt":{"rendered":"<p>\u00a1Apoya la conferencia del CONAHEC como patrocinador! Ay\u00fadenos a reunir a expertos en participaci\u00f3n internacional de toda Am\u00e9rica del Norte y de todo el mundo para establecer contactos, compartir y aprender. Los patrocinadores que opten por hacerlo podr\u00e1n organizar eventos y actividades durante los horarios de &#8220;Networking&#8221;. Si recibimos la informaci\u00f3n a tiempo, sus actividades [&hellip;]<\/p>\n","protected":false},"author":4,"featured_media":0,"parent":0,"menu_order":0,"comment_status":"closed","ping_status":"closed","template":"elementor_header_footer","meta":{"ocean_post_layout":"","ocean_both_sidebars_style":"","ocean_both_sidebars_content_width":0,"ocean_both_sidebars_sidebars_width":0,"ocean_sidebar":"","ocean_second_sidebar":"","ocean_disable_margins":"enable","ocean_add_body_class":"","ocean_shortcode_before_top_bar":"","ocean_shortcode_after_top_bar":"","ocean_shortcode_before_header":"","ocean_shortcode_after_header":"","ocean_has_shortcode":"","ocean_shortcode_after_title":"","ocean_shortcode_before_footer_widgets":"","ocean_shortcode_after_footer_widgets":"","ocean_shortcode_before_footer_bottom":"","ocean_shortcode_after_footer_bottom":"","ocean_display_top_bar":"default","ocean_display_header":"default","ocean_header_style":"","ocean_center_header_left_menu":"","ocean_custom_header_template":"","ocean_custom_logo":0,"ocean_custom_retina_logo":0,"ocean_custom_logo_max_width":0,"ocean_custom_logo_tablet_max_width":0,"ocean_custom_logo_mobile_max_width":0,"ocean_custom_logo_max_height":0,"ocean_custom_logo_tablet_max_height":0,"ocean_custom_logo_mobile_max_height":0,"ocean_header_custom_menu":"","ocean_menu_typo_font_family":"","ocean_menu_typo_font_subset":"","ocean_menu_typo_font_size":0,"ocean_menu_typo_font_size_tablet":0,"ocean_menu_typo_font_size_mobile":0,"ocean_menu_typo_font_size_unit":"px","ocean_menu_typo_font_weight":"","ocean_menu_typo_font_weight_tablet":"","ocean_menu_typo_font_weight_mobile":"","ocean_menu_typo_transform":"","ocean_menu_typo_transform_tablet":"","ocean_menu_typo_transform_mobile":"","ocean_menu_typo_line_height":0,"ocean_menu_typo_line_height_tablet":0,"ocean_menu_typo_line_height_mobile":0,"ocean_menu_typo_line_height_unit":"","ocean_menu_typo_spacing":0,"ocean_menu_typo_spacing_tablet":0,"ocean_menu_typo_spacing_mobile":0,"ocean_menu_typo_spacing_unit":"","ocean_menu_link_color":"","ocean_menu_link_color_hover":"","ocean_menu_link_color_active":"","ocean_menu_link_background":"","ocean_menu_link_hover_background":"","ocean_menu_link_active_background":"","ocean_menu_social_links_bg":"","ocean_menu_social_hover_links_bg":"","ocean_menu_social_links_color":"","ocean_menu_social_hover_links_color":"","ocean_disable_title":"default","ocean_disable_heading":"default","ocean_post_title":"","ocean_post_subheading":"","ocean_post_title_style":"","ocean_post_title_background_color":"","ocean_post_title_background":0,"ocean_post_title_bg_image_position":"","ocean_post_title_bg_image_attachment":"","ocean_post_title_bg_image_repeat":"","ocean_post_title_bg_image_size":"","ocean_post_title_height":0,"ocean_post_title_bg_overlay":0.5,"ocean_post_title_bg_overlay_color":"","ocean_disable_breadcrumbs":"default","ocean_breadcrumbs_color":"","ocean_breadcrumbs_separator_color":"","ocean_breadcrumbs_links_color":"","ocean_breadcrumbs_links_hover_color":"","ocean_display_footer_widgets":"default","ocean_display_footer_bottom":"default","ocean_custom_footer_template":"","footnotes":""},"wf_page_folders":[61],"class_list":["post-1427","page","type-page","status-publish","hentry","entry"],"yoast_head":"<!-- This site is optimized with the Yoast SEO plugin v24.3 - https:\/\/yoast.com\/wordpress\/plugins\/seo\/ -->\r\n<title>Patrocinios - Consortium for North American Higher Education Collaboration<\/title>\r\n<meta name=\"robots\" content=\"index, follow, max-snippet:-1, max-image-preview:large, max-video-preview:-1\" \/>\r\n<link rel=\"canonical\" href=\"https:\/\/www.conahec.org\/index.php\/es\/sponsorship_es-2\/\" \/>\r\n<meta property=\"og:locale\" content=\"en_US\" \/>\r\n<meta property=\"og:type\" content=\"article\" \/>\r\n<meta property=\"og:title\" content=\"Patrocinios - Consortium for North American Higher Education Collaboration\" \/>\r\n<meta property=\"og:description\" content=\"\u00a1Apoya la conferencia del CONAHEC como patrocinador! Ay\u00fadenos a reunir a expertos en participaci\u00f3n internacional de toda Am\u00e9rica del Norte y de todo el mundo para establecer contactos, compartir y aprender. Los patrocinadores que opten por hacerlo podr\u00e1n organizar eventos y actividades durante los horarios de &#8220;Networking&#8221;. Si recibimos la informaci\u00f3n a tiempo, sus actividades [&hellip;]\" \/>\r\n<meta property=\"og:url\" content=\"https:\/\/www.conahec.org\/index.php\/es\/sponsorship_es-2\/\" \/>\r\n<meta property=\"og:site_name\" content=\"Consortium for North American Higher Education Collaboration\" \/>\r\n<meta property=\"article:publisher\" content=\"https:\/\/www.facebook.com\/CONAHEC1\/\" \/>\r\n<meta property=\"article:modified_time\" content=\"2024-08-26T23:43:11+00:00\" \/>\r\n<meta property=\"og:image\" content=\"https:\/\/www.conahec.org\/wp-content\/uploads\/2024\/05\/cropped-CONAHEC165x165.png\" \/>\r\n<meta name=\"twitter:card\" content=\"summary_large_image\" \/>\r\n<meta name=\"twitter:site\" content=\"@conahec\" \/>\r\n<meta name=\"twitter:label1\" content=\"Est. reading time\" \/>\n\t<meta name=\"twitter:data1\" content=\"1 minute\" \/>\r\n<script type=\"application\/ld+json\" class=\"yoast-schema-graph\">{\"@context\":\"https:\/\/schema.org\",\"@graph\":[{\"@type\":\"WebPage\",\"@id\":\"https:\/\/www.conahec.org\/index.php\/es\/sponsorship_es-2\/\",\"url\":\"https:\/\/www.conahec.org\/index.php\/es\/sponsorship_es-2\/\",\"name\":\"Patrocinios - Consortium for North American Higher Education Collaboration\",\"isPartOf\":{\"@id\":\"https:\/\/www.conahec.org\/#website\"},\"primaryImageOfPage\":{\"@id\":\"https:\/\/www.conahec.org\/index.php\/es\/sponsorship_es-2\/#primaryimage\"},\"image\":{\"@id\":\"https:\/\/www.conahec.org\/index.php\/es\/sponsorship_es-2\/#primaryimage\"},\"thumbnailUrl\":\"https:\/\/www.conahec.org\/wp-content\/uploads\/2024\/05\/cropped-CONAHEC165x165.png\",\"datePublished\":\"2024-04-09T19:36:47+00:00\",\"dateModified\":\"2024-08-26T23:43:11+00:00\",\"breadcrumb\":{\"@id\":\"https:\/\/www.conahec.org\/index.php\/es\/sponsorship_es-2\/#breadcrumb\"},\"inLanguage\":\"en-US\",\"potentialAction\":[{\"@type\":\"ReadAction\",\"target\":[\"https:\/\/www.conahec.org\/index.php\/es\/sponsorship_es-2\/\"]}]},{\"@type\":\"ImageObject\",\"inLanguage\":\"en-US\",\"@id\":\"https:\/\/www.conahec.org\/index.php\/es\/sponsorship_es-2\/#primaryimage\",\"url\":\"https:\/\/www.conahec.org\/wp-content\/uploads\/2024\/05\/cropped-CONAHEC165x165.png\",\"contentUrl\":\"https:\/\/www.conahec.org\/wp-content\/uploads\/2024\/05\/cropped-CONAHEC165x165.png\",\"width\":165,\"height\":142,\"caption\":\"Consortium for North American Higher Education Collaboration Logo - All Rights Reserved\"},{\"@type\":\"BreadcrumbList\",\"@id\":\"https:\/\/www.conahec.org\/index.php\/es\/sponsorship_es-2\/#breadcrumb\",\"itemListElement\":[{\"@type\":\"ListItem\",\"position\":1,\"name\":\"Home\",\"item\":\"https:\/\/www.conahec.org\/\"},{\"@type\":\"ListItem\",\"position\":2,\"name\":\"Patrocinios\"}]},{\"@type\":\"WebSite\",\"@id\":\"https:\/\/www.conahec.org\/#website\",\"url\":\"https:\/\/www.conahec.org\/\",\"name\":\"conahec.org\",\"description\":\"Facilitating Higher Education Collaboration in North America and Beyond\",\"publisher\":{\"@id\":\"https:\/\/www.conahec.org\/#organization\"},\"potentialAction\":[{\"@type\":\"SearchAction\",\"target\":{\"@type\":\"EntryPoint\",\"urlTemplate\":\"https:\/\/www.conahec.org\/?s={search_term_string}\"},\"query-input\":{\"@type\":\"PropertyValueSpecification\",\"valueRequired\":true,\"valueName\":\"search_term_string\"}}],\"inLanguage\":\"en-US\"},{\"@type\":\"Organization\",\"@id\":\"https:\/\/www.conahec.org\/#organization\",\"name\":\"Consortium for North American Higher Education Collaboration (CONAHEC)\",\"url\":\"https:\/\/www.conahec.org\/\",\"logo\":{\"@type\":\"ImageObject\",\"inLanguage\":\"en-US\",\"@id\":\"https:\/\/www.conahec.org\/#\/schema\/logo\/image\/\",\"url\":\"https:\/\/www.conahec.org\/wp-content\/uploads\/2024\/05\/CONAHECFavicon.jpg\",\"contentUrl\":\"https:\/\/www.conahec.org\/wp-content\/uploads\/2024\/05\/CONAHECFavicon.jpg\",\"width\":512,\"height\":512,\"caption\":\"Consortium for North American Higher Education Collaboration (CONAHEC)\"},\"image\":{\"@id\":\"https:\/\/www.conahec.org\/#\/schema\/logo\/image\/\"},\"sameAs\":[\"https:\/\/www.facebook.com\/CONAHEC1\/\",\"https:\/\/x.com\/conahec\"]}]}<\/script>\r\n<!-- \/ Yoast SEO plugin. -->","yoast_head_json":{"title":"Patrocinios - Consortium for North American Higher Education Collaboration","robots":{"index":"index","follow":"follow","max-snippet":"max-snippet:-1","max-image-preview":"max-image-preview:large","max-video-preview":"max-video-preview:-1"},"canonical":"https:\/\/www.conahec.org\/index.php\/es\/sponsorship_es-2\/","og_locale":"en_US","og_type":"article","og_title":"Patrocinios - Consortium for North American Higher Education Collaboration","og_description":"\u00a1Apoya la conferencia del CONAHEC como patrocinador! Ay\u00fadenos a reunir a expertos en participaci\u00f3n internacional de toda Am\u00e9rica del Norte y de todo el mundo para establecer contactos, compartir y aprender. Los patrocinadores que opten por hacerlo podr\u00e1n organizar eventos y actividades durante los horarios de &#8220;Networking&#8221;. Si recibimos la informaci\u00f3n a tiempo, sus actividades [&hellip;]","og_url":"https:\/\/www.conahec.org\/index.php\/es\/sponsorship_es-2\/","og_site_name":"Consortium for North American Higher Education Collaboration","article_publisher":"https:\/\/www.facebook.com\/CONAHEC1\/","article_modified_time":"2024-08-26T23:43:11+00:00","og_image":[{"url":"https:\/\/www.conahec.org\/wp-content\/uploads\/2024\/05\/cropped-CONAHEC165x165.png","type":"","width":"","height":""}],"twitter_card":"summary_large_image","twitter_site":"@conahec","twitter_misc":{"Est. reading time":"1 minute"},"schema":{"@context":"https:\/\/schema.org","@graph":[{"@type":"WebPage","@id":"https:\/\/www.conahec.org\/index.php\/es\/sponsorship_es-2\/","url":"https:\/\/www.conahec.org\/index.php\/es\/sponsorship_es-2\/","name":"Patrocinios - Consortium for North American Higher Education Collaboration","isPartOf":{"@id":"https:\/\/www.conahec.org\/#website"},"primaryImageOfPage":{"@id":"https:\/\/www.conahec.org\/index.php\/es\/sponsorship_es-2\/#primaryimage"},"image":{"@id":"https:\/\/www.conahec.org\/index.php\/es\/sponsorship_es-2\/#primaryimage"},"thumbnailUrl":"https:\/\/www.conahec.org\/wp-content\/uploads\/2024\/05\/cropped-CONAHEC165x165.png","datePublished":"2024-04-09T19:36:47+00:00","dateModified":"2024-08-26T23:43:11+00:00","breadcrumb":{"@id":"https:\/\/www.conahec.org\/index.php\/es\/sponsorship_es-2\/#breadcrumb"},"inLanguage":"en-US","potentialAction":[{"@type":"ReadAction","target":["https:\/\/www.conahec.org\/index.php\/es\/sponsorship_es-2\/"]}]},{"@type":"ImageObject","inLanguage":"en-US","@id":"https:\/\/www.conahec.org\/index.php\/es\/sponsorship_es-2\/#primaryimage","url":"https:\/\/www.conahec.org\/wp-content\/uploads\/2024\/05\/cropped-CONAHEC165x165.png","contentUrl":"https:\/\/www.conahec.org\/wp-content\/uploads\/2024\/05\/cropped-CONAHEC165x165.png","width":165,"height":142,"caption":"Consortium for North American Higher Education Collaboration Logo - All Rights Reserved"},{"@type":"BreadcrumbList","@id":"https:\/\/www.conahec.org\/index.php\/es\/sponsorship_es-2\/#breadcrumb","itemListElement":[{"@type":"ListItem","position":1,"name":"Home","item":"https:\/\/www.conahec.org\/"},{"@type":"ListItem","position":2,"name":"Patrocinios"}]},{"@type":"WebSite","@id":"https:\/\/www.conahec.org\/#website","url":"https:\/\/www.conahec.org\/","name":"conahec.org","description":"Facilitating Higher Education Collaboration in North America and Beyond","publisher":{"@id":"https:\/\/www.conahec.org\/#organization"},"potentialAction":[{"@type":"SearchAction","target":{"@type":"EntryPoint","urlTemplate":"https:\/\/www.conahec.org\/?s={search_term_string}"},"query-input":{"@type":"PropertyValueSpecification","valueRequired":true,"valueName":"search_term_string"}}],"inLanguage":"en-US"},{"@type":"Organization","@id":"https:\/\/www.conahec.org\/#organization","name":"Consortium for North American Higher Education Collaboration (CONAHEC)","url":"https:\/\/www.conahec.org\/","logo":{"@type":"ImageObject","inLanguage":"en-US","@id":"https:\/\/www.conahec.org\/#\/schema\/logo\/image\/","url":"https:\/\/www.conahec.org\/wp-content\/uploads\/2024\/05\/CONAHECFavicon.jpg","contentUrl":"https:\/\/www.conahec.org\/wp-content\/uploads\/2024\/05\/CONAHECFavicon.jpg","width":512,"height":512,"caption":"Consortium for North American Higher Education Collaboration (CONAHEC)"},"image":{"@id":"https:\/\/www.conahec.org\/#\/schema\/logo\/image\/"},"sameAs":["https:\/\/www.facebook.com\/CONAHEC1\/","https:\/\/x.com\/conahec"]}]}},"_links":{"self":[{"href":"https:\/\/www.conahec.org\/index.php\/wp-json\/wp\/v2\/pages\/1427","targetHints":{"allow":["GET"]}}],"collection":[{"href":"https:\/\/www.conahec.org\/index.php\/wp-json\/wp\/v2\/pages"}],"about":[{"href":"https:\/\/www.conahec.org\/index.php\/wp-json\/wp\/v2\/types\/page"}],"author":[{"embeddable":true,"href":"https:\/\/www.conahec.org\/index.php\/wp-json\/wp\/v2\/users\/4"}],"replies":[{"embeddable":true,"href":"https:\/\/www.conahec.org\/index.php\/wp-json\/wp\/v2\/comments?post=1427"}],"version-history":[{"count":16,"href":"https:\/\/www.conahec.org\/index.php\/wp-json\/wp\/v2\/pages\/1427\/revisions"}],"predecessor-version":[{"id":2733,"href":"https:\/\/www.conahec.org\/index.php\/wp-json\/wp\/v2\/pages\/1427\/revisions\/2733"}],"wp:attachment":[{"href":"https:\/\/www.conahec.org\/index.php\/wp-json\/wp\/v2\/media?parent=1427"}],"wp:term":[{"taxonomy":"wf_page_folders","embeddable":true,"href":"https:\/\/www.conahec.org\/index.php\/wp-json\/wp\/v2\/wf_page_folders?post=1427"}],"curies":[{"name":"wp","href":"https:\/\/api.w.org\/{rel}","templated":true}]}}