{"id":1659,"date":"2024-04-10T20:06:23","date_gmt":"2024-04-10T20:06:23","guid":{"rendered":"https:\/\/www.conahec.org\/?page_id=1659"},"modified":"2024-08-26T23:12:34","modified_gmt":"2024-08-26T23:12:34","slug":"nominaciones-a-premios","status":"publish","type":"page","link":"https:\/\/www.conahec.org\/index.php\/es\/nominaciones-a-premios\/","title":{"rendered":"Nominaciones a premios"},"content":{"rendered":"\t\t<div data-elementor-type=\"wp-page\" data-elementor-id=\"1659\" class=\"elementor elementor-1659\" data-elementor-post-type=\"page\">\n\t\t\t\t<div class=\"elementor-element elementor-element-21992e69 e-flex e-con-boxed e-con e-parent\" data-id=\"21992e69\" data-element_type=\"container\">\n\t\t\t\t\t<div class=\"e-con-inner\">\n\t\t\t\t<div class=\"elementor-element elementor-element-3f624ce7 elementor-widget elementor-widget-text-editor\" data-id=\"3f624ce7\" data-element_type=\"widget\" data-widget_type=\"text-editor.default\">\n\t\t\t\t<div class=\"elementor-widget-container\">\n\t\t\t<style>\/*! elementor - v3.23.0 - 05-08-2024 *\/\n.elementor-widget-text-editor.elementor-drop-cap-view-stacked .elementor-drop-cap{background-color:#69727d;color:#fff}.elementor-widget-text-editor.elementor-drop-cap-view-framed .elementor-drop-cap{color:#69727d;border:3px solid;background-color:transparent}.elementor-widget-text-editor:not(.elementor-drop-cap-view-default) .elementor-drop-cap{margin-top:8px}.elementor-widget-text-editor:not(.elementor-drop-cap-view-default) .elementor-drop-cap-letter{width:1em;height:1em}.elementor-widget-text-editor .elementor-drop-cap{float:left;text-align:center;line-height:1;font-size:50px}.elementor-widget-text-editor .elementor-drop-cap-letter{display:inline-block}<\/style>\t\t\t\t<p><span style=\"font-weight: 400;\">El Consorcio para la Colaboraci\u00f3n en la Educaci\u00f3n Superior en Am\u00e9rica del Norte (CONAHEC) invita a las instituciones miembros y a la comunidad de educaci\u00f3n superior a nominar a individuos y\/o instituciones para los siguientes dos premios:<\/span><\/p><ul><li><span style=\"font-weight: 500;\">Premio de Distinci\u00f3n por Contribuciones Sobresalientes a la Colaboraci\u00f3n en la Educaci\u00f3n Superior de Am\u00e9rica del Norte<\/span><\/li><li><span style=\"font-weight: 500;\">Premio Manuel T. Pacheco<\/span><\/li><\/ul><p><span style=\"font-weight: 400;\">Para ser considerados, las nominaciones deben:<\/span><\/p><ul><li><span style=\"font-weight: 400;\">Especificar para qu\u00e9 premio es la nominaci\u00f3n<\/span><\/li><li><span style=\"font-weight: 400;\">Incluir el nombre y la informaci\u00f3n de contacto completa del NOMINADO<\/span><\/li><li><span style=\"font-weight: 400;\">Incluir el nombre y la informaci\u00f3n de contacto completa del nominador<\/span><\/li><li><span style=\"font-weight: 400;\">Incluir una breve descripci\u00f3n biogr\u00e1fica del NOMINADO<\/span><\/li><li><span style=\"font-weight: 400;\">Especificar las razones por las cuales el nominado debe ser considerado<\/span><\/li><li><span style=\"font-weight: 400;\">Ser enviadas por correo electr\u00f3nico a Sean Manley-Casimir a <a href=\"mailto:membership@conahec.org\">membership@conahec.org<\/a> a la mayor brevedad posible y no m\u00e1s tarde del <\/span><span style=\"font-weight: 400;\">30 de septiembre de 2024<\/span><\/li><\/ul><p><span style=\"font-weight: 400;\">Las nominaciones ser\u00e1n revisadas por un Comit\u00e9 de Premios trinacional designado por la Junta Directiva de CONAHEC. La selecci\u00f3n de cada premio se presentar\u00e1 en la pr\u00f3xima edici\u00f3n de la Conferencia de Educaci\u00f3n Superior de Am\u00e9rica del Norte de CONAHEC.<\/span><\/p><h2>Sobre los Premios<\/h2><h2>Premio de Distinci\u00f3n por Contribuciones Sobresalientes a la Colaboraci\u00f3n en la Educaci\u00f3n Superior de Am\u00e9rica del Norte<\/h2><p><span style=\"font-weight: 400;\">El Premio de Distinci\u00f3n de CONAHEC est\u00e1 dise\u00f1ado para reconocer los logros y contribuciones de individuos u organizaciones involucradas en la educaci\u00f3n superior internacional en Canad\u00e1, M\u00e9xico o Estados Unidos, y cuya participaci\u00f3n ha demostrado una contribuci\u00f3n sustancial y efectiva a los objetivos de integraci\u00f3n educativa, colaboraci\u00f3n y liderazgo. Este premio se otorgar\u00e1 a individuos u organizaciones que hayan realizado contribuciones significativas a nivel institucional o nacional.<\/span><br \/><span style=\"font-weight: 400;\">Elegibilidad:<\/span><\/p><ul><li><span style=\"font-weight: 400;\">Los nominados no est\u00e1n obligados a estar afiliados a una instituci\u00f3n miembro de CONAHEC.<\/span><\/li><\/ul><p><span style=\"font-weight: 400;\">Criterios de Selecci\u00f3n:<\/span><\/p><ul><li><span style=\"font-weight: 400;\">Este premio se otorga a un **individuo u organizaci\u00f3n**<\/span> <span style=\"font-weight: 400;\">que haya hecho una contribuci\u00f3n sobresaliente a:<\/span><\/li><li><span style=\"font-weight: 400;\"> El proceso de integraci\u00f3n de la comunidad acad\u00e9mica norteamericana y los sistemas educativos de los tres pa\u00edses.<\/span><\/li><li><span style=\"font-weight: 400;\">El desarrollo de la educaci\u00f3n en su propio pa\u00eds.<\/span><\/li><li><span style=\"font-weight: 400;\">El desarrollo de la educaci\u00f3n y la colaboraci\u00f3n internacional en Am\u00e9rica del Norte.<\/span><\/li><\/ul><h2>Premios de Distinci\u00f3n CONAHEC anteriores han sido otorgados a:<\/h2><ul><li><span style=\"font-weight: 400;\"><strong>Partners of the Americas<\/strong>, (2020)<\/span><\/li><li><strong>H\u00e9ctor Arreola Soria<\/strong>, Coordinador General, Coordinaci\u00f3n General de Universidades Tecnol\u00f3gicas y Polit\u00e9cnicas (CGUTyP), Secretar\u00eda de Educaci\u00f3n P\u00fablica, M\u00e9xico (2019)<\/li><li><strong>Livia Castellanos<\/strong>, Vicepresidenta Asociada (Internacional) y Directora Internacional de la Universidad de Regina (2017)<\/li><li><strong>Fernando Le\u00f3n Garc\u00eda<\/strong>, Presidente, CETYS Universidad (2016)<\/li><li><span style=\"font-weight: 400;\"><strong>Sergio Alcocer<\/strong>, Subsecretario de Asuntos de Am\u00e9rica del Norte, Secretar\u00eda de Relaciones Exteriores de M\u00e9xico (2014)<\/span><\/li><li><span style=\"font-weight: 400;\"><strong>Francisco Marmolejo<\/strong>, Coordinador de Educaci\u00f3n Terciaria, Red de Desarrollo Humano y Educaci\u00f3n, El Banco Mundial (2013)<\/span><\/li><li><span style=\"font-weight: 400;\"><strong>Robert A. Pastor<\/strong>, Profesor de Relaciones Internacionales, Director Fundador del Centro de Estudios de Am\u00e9rica del Norte, Universidad Americana y autor de numerosos libros sobre Am\u00e9rica del Norte, incluyendo &#8220;La Idea de Am\u00e9rica del Norte&#8221; (2011)<\/span><\/li><li><span style=\"font-weight: 400;\"><strong>Jocelyne Gacel<\/strong>, Coordinadora General de Cooperaci\u00f3n Internacional, Universidad de Guadalajara (2010)<\/span><\/li><li><span style=\"font-weight: 400;\">Las agencias gubernamentales que patrocinan el Programa de Movilidad en la Educaci\u00f3n Superior en Am\u00e9rica del Norte, que se ha ofrecido desde 1995 gracias a la cooperaci\u00f3n de Recursos Humanos y Desarrollo Social de Canad\u00e1 (HRSDC), el Fondo para la Mejora de la Educaci\u00f3n Postsecundaria (FIPSE) del Departamento de Educaci\u00f3n de EE.UU. y la Secretar\u00eda de Educaci\u00f3n P\u00fablica de M\u00e9xico (SEP) (2007)<\/span><\/li><li><span style=\"font-weight: 400;\"><strong>Augie P. Gallego<\/strong>, Rector Em\u00e9rito, Distrito de Colegios Comunitarios de San Diego (2005)<\/span><\/li><li><span style=\"font-weight: 400;\"><strong>Tom L. Wood<\/strong>, ex Presidente, Mount Royal College (2004)<\/span><\/li><li><span style=\"font-weight: 400;\"><strong>Fran\u00e7ois Tavenas<\/strong>, Rector Em\u00e9rito, Universit\u00e9 Laval (2002)<\/span><\/li><li><span style=\"font-weight: 400;\"><strong>Diana Natalicio<\/strong>, Presidenta de la Universidad de Texas, El Paso (2001)<\/span><\/li><li><span style=\"font-weight: 400;\"><strong>V\u00edctor Arredondo<\/strong>, ex Director General de Educaci\u00f3n Superior en M\u00e9xico y actual Secretario de Educaci\u00f3n del Estado de Veracruz, M\u00e9xico (1999)<\/span><\/li><li><span style=\"font-weight: 400;\"><strong>David Strangway<\/strong>, ex Presidente de la Universidad de Columbia Brit\u00e1nica (1998)<\/span><\/li><li><span style=\"font-weight: 400;\"><strong>Sylvia Ortega<\/strong>, presidenta fundadora de AMPEI (1997)<\/span><\/li><\/ul><h2>Premio Manuel T. Pacheco<\/h2><p><span style=\"font-weight: 400;\">Nombrado en honor a Manuel T. Pacheco, un distinguido educador internacional, este premio reconoce su trabajo y esfuerzo en la promoci\u00f3n de CONAHEC y su enfoque en la colaboraci\u00f3n trilateral en la educaci\u00f3n superior. Este premio se otorga a un individuo destacado de M\u00e9xico, Canad\u00e1 o Estados Unidos que haya demostrado un logro y contribuci\u00f3n excepcionales al desarrollo y progreso de CONAHEC, su misi\u00f3n y en el cumplimiento de sus objetivos program\u00e1ticos.<\/span><br \/><span style=\"font-weight: 400;\">Elegibilidad:<\/span><\/p><ul><li>El destinatario del premio debe ser miembro de una instituci\u00f3n miembro de CONAHEC.<\/li><\/ul><p>\u00a0<br \/><span style=\"font-weight: 400;\">Criterios de Selecci\u00f3n:<\/span><\/p><ul><li><span style=\"font-weight: 400;\">El premio se otorgar\u00e1 a un **individuo** de M\u00e9xico, Canad\u00e1 o Estados Unidos que cumpla con al menos uno o m\u00e1s de los siguientes criterios:<\/span><\/li><li><span style=\"font-weight: 400;\">Ha hecho una contribuci\u00f3n sobresaliente al desarrollo y fortalecimiento de CONAHEC como organizaci\u00f3n y ha promovido la misi\u00f3n y los objetivos de la organizaci\u00f3n.<\/span><\/li><li><span style=\"font-weight: 400;\">Es o ha sido miembro de una instituci\u00f3n miembro de CONAHEC.<\/span><\/li><li><span style=\"font-weight: 400;\">Ha hecho una contribuci\u00f3n sobresaliente al desarrollo de oportunidades de educaci\u00f3n superior en su pa\u00eds y, al hacerlo, ha fortalecido la integraci\u00f3n de su pa\u00eds a la comunidad acad\u00e9mica norteamericana.<\/span><\/li><\/ul><h2>Premios &#8220;MANUEL T. PACHECO&#8221; anteriores han sido otorgados a:<\/h2><ul><li><span style=\"font-weight: 400;\"><strong>Thomas Buntru<\/strong>, Director de Programas Internacionales, Universidad de Monterrey (2020)<\/span><\/li><li><strong>Joan Landeros<\/strong>, Directora y fundadora del Centro de Educaci\u00f3n Internacional, Universidad La Salle, M\u00e9xico (2019)<\/li><li><strong>David Longanecker<\/strong>, ex Presidente de WICHE (2017)<\/li><li><strong>Mike Proctor<\/strong>, ex Vicepresidente de Iniciativas Globales de la Universidad de Arizona (2017)<\/li><li><strong>Lorna Smith<\/strong>, ex Directora de Educaci\u00f3n Internacional, Mount Royal University (2016)<\/li><li><span style=\"font-weight: 400;\"><strong>Jaime Guti\u00e9rrez<\/strong>, ex Vicepresidente de Asuntos Externos de la Universidad de Arizona (2014)<\/span><\/li><li><span style=\"font-weight: 400;\"><strong>Araceli Partearroyo<\/strong>, Directora de Cooperaci\u00f3n Acad\u00e9mica, Oficina de Asuntos Educativos y Culturales, Embajada de Estados Unidos en M\u00e9xico (2011)<\/span><\/li><li><span style=\"font-weight: 400;\"><strong>Daniel Guay<\/strong>, ex Director Ejecutivo de la Oficina del Presidente del Sistema de la Universidad de Quebec (2010)<\/span><\/li><li><span style=\"font-weight: 400;\"><strong>Dewayne Matthews<\/strong>, Director Senior de Investigaci\u00f3n, Fundaci\u00f3n Lumina para la Educaci\u00f3n (2007)<\/span><\/li><li><span style=\"font-weight: 400;\"><strong>Margo Schultz<\/strong>, ex Directora Asociada, CONAHEC (2005)<\/span><\/li><li><span style=\"font-weight: 400;\"><strong>Juan Carlos Romero Hicks<\/strong>, ex Presidente de la Universidad de Guanajuato (2004)<\/span><\/li><li><span style=\"font-weight: 400;\"><strong>Walter Uegama<\/strong>, ex Vicepresidente de Educaci\u00f3n Continua, Universidad de Columbia Brit\u00e1nica (2002)<\/span><\/li><li><span style=\"font-weight: 400;\"><strong>Richard W. Jonsen<\/strong>, ex Director Ejecutivo de WICHE (la Comisi\u00f3n Interestatal Occidental para la Educaci\u00f3n Superior) (2001)<\/span><\/li><li><span style=\"font-weight: 400;\"><strong>Norman Collins<\/strong>, ex representante de la Fundaci\u00f3n Ford en M\u00e9xico y Am\u00e9rica Central (1999)<\/span><\/li><li><span style=\"font-weight: 400;\"><strong>Manuel T. Pacheco<\/strong>, ex Presidente de la Universidad de Arizona (1998)<\/span><\/li><\/ul>\t\t\t\t\t\t<\/div>\n\t\t\t\t<\/div>\n\t\t\t\t\t<\/div>\n\t\t\t\t<\/div>\n\t\t\t\t<\/div>\n\t\t","protected":false},"excerpt":{"rendered":"<p>El Consorcio para la Colaboraci\u00f3n en la Educaci\u00f3n Superior en Am\u00e9rica del Norte (CONAHEC) invita a las instituciones miembros y a la comunidad de educaci\u00f3n superior a nominar a individuos y\/o instituciones para los siguientes dos premios: Premio de Distinci\u00f3n por Contribuciones Sobresalientes a la Colaboraci\u00f3n en la Educaci\u00f3n Superior de Am\u00e9rica del Norte Premio [&hellip;]<\/p>\n","protected":false},"author":4,"featured_media":0,"parent":0,"menu_order":0,"comment_status":"closed","ping_status":"closed","template":"elementor_header_footer","meta":{"ocean_post_layout":"","ocean_both_sidebars_style":"","ocean_both_sidebars_content_width":0,"ocean_both_sidebars_sidebars_width":0,"ocean_sidebar":"","ocean_second_sidebar":"","ocean_disable_margins":"enable","ocean_add_body_class":"","ocean_shortcode_before_top_bar":"","ocean_shortcode_after_top_bar":"","ocean_shortcode_before_header":"","ocean_shortcode_after_header":"","ocean_has_shortcode":"","ocean_shortcode_after_title":"","ocean_shortcode_before_footer_widgets":"","ocean_shortcode_after_footer_widgets":"","ocean_shortcode_before_footer_bottom":"","ocean_shortcode_after_footer_bottom":"","ocean_display_top_bar":"default","ocean_display_header":"default","ocean_header_style":"","ocean_center_header_left_menu":"","ocean_custom_header_template":"","ocean_custom_logo":0,"ocean_custom_retina_logo":0,"ocean_custom_logo_max_width":0,"ocean_custom_logo_tablet_max_width":0,"ocean_custom_logo_mobile_max_width":0,"ocean_custom_logo_max_height":0,"ocean_custom_logo_tablet_max_height":0,"ocean_custom_logo_mobile_max_height":0,"ocean_header_custom_menu":"","ocean_menu_typo_font_family":"","ocean_menu_typo_font_subset":"","ocean_menu_typo_font_size":0,"ocean_menu_typo_font_size_tablet":0,"ocean_menu_typo_font_size_mobile":0,"ocean_menu_typo_font_size_unit":"px","ocean_menu_typo_font_weight":"","ocean_menu_typo_font_weight_tablet":"","ocean_menu_typo_font_weight_mobile":"","ocean_menu_typo_transform":"","ocean_menu_typo_transform_tablet":"","ocean_menu_typo_transform_mobile":"","ocean_menu_typo_line_height":0,"ocean_menu_typo_line_height_tablet":0,"ocean_menu_typo_line_height_mobile":0,"ocean_menu_typo_line_height_unit":"","ocean_menu_typo_spacing":0,"ocean_menu_typo_spacing_tablet":0,"ocean_menu_typo_spacing_mobile":0,"ocean_menu_typo_spacing_unit":"","ocean_menu_link_color":"","ocean_menu_link_color_hover":"","ocean_menu_link_color_active":"","ocean_menu_link_background":"","ocean_menu_link_hover_background":"","ocean_menu_link_active_background":"","ocean_menu_social_links_bg":"","ocean_menu_social_hover_links_bg":"","ocean_menu_social_links_color":"","ocean_menu_social_hover_links_color":"","ocean_disable_title":"default","ocean_disable_heading":"default","ocean_post_title":"","ocean_post_subheading":"","ocean_post_title_style":"","ocean_post_title_background_color":"","ocean_post_title_background":0,"ocean_post_title_bg_image_position":"","ocean_post_title_bg_image_attachment":"","ocean_post_title_bg_image_repeat":"","ocean_post_title_bg_image_size":"","ocean_post_title_height":0,"ocean_post_title_bg_overlay":0.5,"ocean_post_title_bg_overlay_color":"","ocean_disable_breadcrumbs":"default","ocean_breadcrumbs_color":"","ocean_breadcrumbs_separator_color":"","ocean_breadcrumbs_links_color":"","ocean_breadcrumbs_links_hover_color":"","ocean_display_footer_widgets":"default","ocean_display_footer_bottom":"default","ocean_custom_footer_template":"","footnotes":""},"wf_page_folders":[61],"class_list":["post-1659","page","type-page","status-publish","hentry","entry"],"yoast_head":"<!-- This site is optimized with the Yoast SEO plugin v24.3 - https:\/\/yoast.com\/wordpress\/plugins\/seo\/ -->\r\n<title>Nominaciones a premios - Consortium for North American Higher Education Collaboration<\/title>\r\n<meta name=\"robots\" content=\"index, follow, max-snippet:-1, max-image-preview:large, max-video-preview:-1\" \/>\r\n<link rel=\"canonical\" href=\"https:\/\/www.conahec.org\/index.php\/es\/nominaciones-a-premios\/\" \/>\r\n<meta property=\"og:locale\" content=\"en_US\" \/>\r\n<meta property=\"og:type\" content=\"article\" \/>\r\n<meta property=\"og:title\" content=\"Nominaciones a premios - Consortium for North American Higher Education Collaboration\" \/>\r\n<meta property=\"og:description\" content=\"El Consorcio para la Colaboraci\u00f3n en la Educaci\u00f3n Superior en Am\u00e9rica del Norte (CONAHEC) invita a las instituciones miembros y a la comunidad de educaci\u00f3n superior a nominar a individuos y\/o instituciones para los siguientes dos premios: Premio de Distinci\u00f3n por Contribuciones Sobresalientes a la Colaboraci\u00f3n en la Educaci\u00f3n Superior de Am\u00e9rica del Norte Premio [&hellip;]\" \/>\r\n<meta property=\"og:url\" content=\"https:\/\/www.conahec.org\/index.php\/es\/nominaciones-a-premios\/\" \/>\r\n<meta property=\"og:site_name\" content=\"Consortium for North American Higher Education Collaboration\" \/>\r\n<meta property=\"article:publisher\" content=\"https:\/\/www.facebook.com\/CONAHEC1\/\" \/>\r\n<meta property=\"article:modified_time\" content=\"2024-08-26T23:12:34+00:00\" \/>\r\n<meta name=\"twitter:card\" content=\"summary_large_image\" \/>\r\n<meta name=\"twitter:site\" content=\"@conahec\" \/>\r\n<meta name=\"twitter:label1\" content=\"Est. reading time\" \/>\n\t<meta name=\"twitter:data1\" content=\"5 minutes\" \/>\r\n<script type=\"application\/ld+json\" class=\"yoast-schema-graph\">{\"@context\":\"https:\/\/schema.org\",\"@graph\":[{\"@type\":\"WebPage\",\"@id\":\"https:\/\/www.conahec.org\/index.php\/es\/nominaciones-a-premios\/\",\"url\":\"https:\/\/www.conahec.org\/index.php\/es\/nominaciones-a-premios\/\",\"name\":\"Nominaciones a premios - Consortium for North American Higher Education Collaboration\",\"isPartOf\":{\"@id\":\"https:\/\/www.conahec.org\/#website\"},\"datePublished\":\"2024-04-10T20:06:23+00:00\",\"dateModified\":\"2024-08-26T23:12:34+00:00\",\"breadcrumb\":{\"@id\":\"https:\/\/www.conahec.org\/index.php\/es\/nominaciones-a-premios\/#breadcrumb\"},\"inLanguage\":\"en-US\",\"potentialAction\":[{\"@type\":\"ReadAction\",\"target\":[\"https:\/\/www.conahec.org\/index.php\/es\/nominaciones-a-premios\/\"]}]},{\"@type\":\"BreadcrumbList\",\"@id\":\"https:\/\/www.conahec.org\/index.php\/es\/nominaciones-a-premios\/#breadcrumb\",\"itemListElement\":[{\"@type\":\"ListItem\",\"position\":1,\"name\":\"Home\",\"item\":\"https:\/\/www.conahec.org\/\"},{\"@type\":\"ListItem\",\"position\":2,\"name\":\"Nominaciones a premios\"}]},{\"@type\":\"WebSite\",\"@id\":\"https:\/\/www.conahec.org\/#website\",\"url\":\"https:\/\/www.conahec.org\/\",\"name\":\"conahec.org\",\"description\":\"Facilitating Higher Education Collaboration in North America and Beyond\",\"publisher\":{\"@id\":\"https:\/\/www.conahec.org\/#organization\"},\"potentialAction\":[{\"@type\":\"SearchAction\",\"target\":{\"@type\":\"EntryPoint\",\"urlTemplate\":\"https:\/\/www.conahec.org\/?s={search_term_string}\"},\"query-input\":{\"@type\":\"PropertyValueSpecification\",\"valueRequired\":true,\"valueName\":\"search_term_string\"}}],\"inLanguage\":\"en-US\"},{\"@type\":\"Organization\",\"@id\":\"https:\/\/www.conahec.org\/#organization\",\"name\":\"Consortium for North American Higher Education Collaboration (CONAHEC)\",\"url\":\"https:\/\/www.conahec.org\/\",\"logo\":{\"@type\":\"ImageObject\",\"inLanguage\":\"en-US\",\"@id\":\"https:\/\/www.conahec.org\/#\/schema\/logo\/image\/\",\"url\":\"https:\/\/www.conahec.org\/wp-content\/uploads\/2024\/05\/CONAHECFavicon.jpg\",\"contentUrl\":\"https:\/\/www.conahec.org\/wp-content\/uploads\/2024\/05\/CONAHECFavicon.jpg\",\"width\":512,\"height\":512,\"caption\":\"Consortium for North American Higher Education Collaboration (CONAHEC)\"},\"image\":{\"@id\":\"https:\/\/www.conahec.org\/#\/schema\/logo\/image\/\"},\"sameAs\":[\"https:\/\/www.facebook.com\/CONAHEC1\/\",\"https:\/\/x.com\/conahec\"]}]}<\/script>\r\n<!-- \/ Yoast SEO plugin. -->","yoast_head_json":{"title":"Nominaciones a premios - Consortium for North American Higher Education Collaboration","robots":{"index":"index","follow":"follow","max-snippet":"max-snippet:-1","max-image-preview":"max-image-preview:large","max-video-preview":"max-video-preview:-1"},"canonical":"https:\/\/www.conahec.org\/index.php\/es\/nominaciones-a-premios\/","og_locale":"en_US","og_type":"article","og_title":"Nominaciones a premios - Consortium for North American Higher Education Collaboration","og_description":"El Consorcio para la Colaboraci\u00f3n en la Educaci\u00f3n Superior en Am\u00e9rica del Norte (CONAHEC) invita a las instituciones miembros y a la comunidad de educaci\u00f3n superior a nominar a individuos y\/o instituciones para los siguientes dos premios: Premio de Distinci\u00f3n por Contribuciones Sobresalientes a la Colaboraci\u00f3n en la Educaci\u00f3n Superior de Am\u00e9rica del Norte Premio [&hellip;]","og_url":"https:\/\/www.conahec.org\/index.php\/es\/nominaciones-a-premios\/","og_site_name":"Consortium for North American Higher Education Collaboration","article_publisher":"https:\/\/www.facebook.com\/CONAHEC1\/","article_modified_time":"2024-08-26T23:12:34+00:00","twitter_card":"summary_large_image","twitter_site":"@conahec","twitter_misc":{"Est. reading time":"5 minutes"},"schema":{"@context":"https:\/\/schema.org","@graph":[{"@type":"WebPage","@id":"https:\/\/www.conahec.org\/index.php\/es\/nominaciones-a-premios\/","url":"https:\/\/www.conahec.org\/index.php\/es\/nominaciones-a-premios\/","name":"Nominaciones a premios - Consortium for North American Higher Education Collaboration","isPartOf":{"@id":"https:\/\/www.conahec.org\/#website"},"datePublished":"2024-04-10T20:06:23+00:00","dateModified":"2024-08-26T23:12:34+00:00","breadcrumb":{"@id":"https:\/\/www.conahec.org\/index.php\/es\/nominaciones-a-premios\/#breadcrumb"},"inLanguage":"en-US","potentialAction":[{"@type":"ReadAction","target":["https:\/\/www.conahec.org\/index.php\/es\/nominaciones-a-premios\/"]}]},{"@type":"BreadcrumbList","@id":"https:\/\/www.conahec.org\/index.php\/es\/nominaciones-a-premios\/#breadcrumb","itemListElement":[{"@type":"ListItem","position":1,"name":"Home","item":"https:\/\/www.conahec.org\/"},{"@type":"ListItem","position":2,"name":"Nominaciones a premios"}]},{"@type":"WebSite","@id":"https:\/\/www.conahec.org\/#website","url":"https:\/\/www.conahec.org\/","name":"conahec.org","description":"Facilitating Higher Education Collaboration in North America and Beyond","publisher":{"@id":"https:\/\/www.conahec.org\/#organization"},"potentialAction":[{"@type":"SearchAction","target":{"@type":"EntryPoint","urlTemplate":"https:\/\/www.conahec.org\/?s={search_term_string}"},"query-input":{"@type":"PropertyValueSpecification","valueRequired":true,"valueName":"search_term_string"}}],"inLanguage":"en-US"},{"@type":"Organization","@id":"https:\/\/www.conahec.org\/#organization","name":"Consortium for North American Higher Education Collaboration (CONAHEC)","url":"https:\/\/www.conahec.org\/","logo":{"@type":"ImageObject","inLanguage":"en-US","@id":"https:\/\/www.conahec.org\/#\/schema\/logo\/image\/","url":"https:\/\/www.conahec.org\/wp-content\/uploads\/2024\/05\/CONAHECFavicon.jpg","contentUrl":"https:\/\/www.conahec.org\/wp-content\/uploads\/2024\/05\/CONAHECFavicon.jpg","width":512,"height":512,"caption":"Consortium for North American Higher Education Collaboration (CONAHEC)"},"image":{"@id":"https:\/\/www.conahec.org\/#\/schema\/logo\/image\/"},"sameAs":["https:\/\/www.facebook.com\/CONAHEC1\/","https:\/\/x.com\/conahec"]}]}},"_links":{"self":[{"href":"https:\/\/www.conahec.org\/index.php\/wp-json\/wp\/v2\/pages\/1659","targetHints":{"allow":["GET"]}}],"collection":[{"href":"https:\/\/www.conahec.org\/index.php\/wp-json\/wp\/v2\/pages"}],"about":[{"href":"https:\/\/www.conahec.org\/index.php\/wp-json\/wp\/v2\/types\/page"}],"author":[{"embeddable":true,"href":"https:\/\/www.conahec.org\/index.php\/wp-json\/wp\/v2\/users\/4"}],"replies":[{"embeddable":true,"href":"https:\/\/www.conahec.org\/index.php\/wp-json\/wp\/v2\/comments?post=1659"}],"version-history":[{"count":7,"href":"https:\/\/www.conahec.org\/index.php\/wp-json\/wp\/v2\/pages\/1659\/revisions"}],"predecessor-version":[{"id":2643,"href":"https:\/\/www.conahec.org\/index.php\/wp-json\/wp\/v2\/pages\/1659\/revisions\/2643"}],"wp:attachment":[{"href":"https:\/\/www.conahec.org\/index.php\/wp-json\/wp\/v2\/media?parent=1659"}],"wp:term":[{"taxonomy":"wf_page_folders","embeddable":true,"href":"https:\/\/www.conahec.org\/index.php\/wp-json\/wp\/v2\/wf_page_folders?post=1659"}],"curies":[{"name":"wp","href":"https:\/\/api.w.org\/{rel}","templated":true}]}}